 base 4.
-1
-15d (base 15) to base 8
-471
What is -12 (base 6) in base 13?
-8
Convert 1 (base 16) to base 5.
1
What is -4 (base 15) in base 5?
-4
-36 (base 12) to base 6
-110
Convert 5 (base 10) to base 9.
5
-1 (base 16) to base 15
-1
1 (base 15) to base 14
1
Convert 1004 (base 7) to base 14.
1ab
Convert -1331 (base 4) to base 3.
-11122
-3 (base 5) to base 16
-3
0 (base 11) to base 10
0
What is -4 (base 5) in base 10?
-4
Convert 1a (base 13) to base 4.
113
1001 (base 4) to base 15
45
Convert 403 (base 7) to base 14.
103
Convert -1101 (base 2) to base 13.
-10
What is 23 (base 16) in base 2?
100011
What is -251 (base 6) in base 7?
-205
What is 4 (base 12) in base 14?
4
Convert -1 (base 9) to base 10.
-1
8 (base 16) to base 10
8
Convert 23 (base 6) to base 11.
14
-1201 (base 3) to base 13
-37
32 (base 4) to base 3
112
-5 (base 8) to base 6
-5
-15 (base 7) to base 4
-30
What is 556 (base 8) in base 10?
366
What is -4 (base 11) in base 8?
-4
Convert -9 (base 14) to base 4.
-21
What is 1 (base 2) in base 12?
1
Convert -102 (base 6) to base 16.
-26
Convert -2011 (base 4) to base 3.
-11221
What is -7 (base 9) in base 13?
-7
-5c (base 13) to base 7
-140
What is -10 (base 8) in base 12?
-8
Convert 200 (base 3) to base 15.
13
Convert -53 (base 6) to base 10.
-33
-4 (base 6) to base 15
-4
Convert -b (base 16) to base 2.
-1011
Convert -201 (base 4) to base 6.
-53
2 (base 5) to base 16
2
Convert -17 (base 16) to base 11.
-21
-1 (base 5) to base 15
-1
1 (base 3) to base 4
1
24 (base 6) to base 14
12
What is 233 (base 11) in base 15?
138
26 (base 15) to base 11
33
Convert 21 (base 14) to base 11.
27
What is -13 (base 4) in base 16?
-7
134 (base 9) to base 13
88
What is 20 (base 10) in base 16?
14
Convert 6 (base 12) to base 6.
10
Convert -1202 (base 4) to base 11.
-8a
1 (base 3) to base 15
1
-1a (base 15) to base 11
-23
3 (base 14) to base 12
3
What is -3 (base 5) in base 8?
-3
-10 (base 11) to base 12
-b
What is -3 (base 7) in base 6?
-3
Convert 94 (base 16) to base 6.
404
What is 10 (base 3) in base 4?
3
What is -501 (base 7) in base 8?
-366
-a (base 11) to base 9
-11
-13 (base 14) to base 6
-25
Convert -1021 (base 4) to base 5.
-243
-15 (base 6) to base 15
-b
What is 302 (base 7) in base 14?
a9
What is -11100 (base 3) in base 10?
-117
What is -1222 (base 5) in base 16?
-bb
Convert -22 (base 6) to base 4.
-32
-1 (base 12) to base 13
-1
Convert 4 (base 6) to base 16.
4
Convert -195 (base 10) to base 6.
-523
What is -2 (base 5) in base 7?
-2
-3c (base 14) to base 11
-4a
Convert -11 (base 2) to base 3.
-10
What is -10 (base 3) in base 13?
-3
2 (base 12) to base 14
2
-30 (base 7) to base 11
-1a
-2a (base 11) to base 16
-20
What is -1 (base 8) in base 13?
-1
What is 1 (base 7) in base 11?
1
-122 (base 12) to base 6
-442
13 (base 13) to base 3
121
Convert -2 (base 4) to base 16.
-2
Convert -19 (base 14) to base 3.
-212
Convert -222 (base 3) to base 2.
-11010
Convert 2 (base 13) to base 2.
10
12 (base 14) to base 5
31
What is 335 (base 7) in base 14?
c5
20 (base 3) to base 8
6
What is -167 (base 14) in base 3?
-101122
-42 (base 10) to base 16
-2a
What is 3 (base 14) in base 10?
3
3 (base 9) to base 6
3
What is -1 (base 5) in base 15?
-1
11 (base 5) to base 10
6
What is 120 (base 4) in base 3?
220
14 (base 15) to base 9
21
0 (base 11) to base 4
0
What is -23 (base 5) in base 2?
-1101
What is 10 (base 2) in base 7?
2
-50 (base 13) to base 2
-1000001
1253 (base 6) to base 12
229
Convert 1221 (base 3) to base 15.
37
Convert 7 (base 12) to base 9.
7
-3 (base 13) to base 2
-11
Convert -10011010 (base 2) to base 10.
-154
-154 (base 7) to base 10
-88
Convert 236 (base 7) to base 11.
104
Convert 137 (base 11) to base 8.
241
0 (base 11) to base 3
0
Convert -71 (base 8) to base 15.
-3c
-c (base 14) to base 11
-11
Convert -23 (base 8) to base 13.
-16
What is -3 (base 12) in base 15?
-3
Convert 120 (base 13) to base 15.
d0
Convert 4 (base 7) to base 13.
4
Convert 2332 (base 4) to base 8.
276
Convert 221 (base 4) to base 8.
51
Convert 31 (base 16) to base 9.
54
13 (base 11) to base 14
10
-52 (base 10) to base 14
-3a
What is -42 (base 6) in base 7?
-35
What is 24 (base 6) in base 16?
10
Convert 6 (base 15) to base 10.
6
What is 1aa (base 11) in base 16?
f1
-4 (base 5) to base 14
-4
What is 0 (base 10) in base 4?
0
Convert -10 (base 2) to base 6.
-2
Convert -23 (base 9) to base 14.
-17
What is 36 (base 7) in base 14?
1d
Convert 4 (base 13) to base 2.
100
Convert 2221 (base 3) to base 8.
117
What is -10012 (base 3) in base 13?
-68
Convert 1 (base 5) to base 8.
1
What is 60 (base 7) in base 6?
110
-22 (base 10) to base 2
-10110
Convert 1 (base 8) to base 6.
1
What is 16 (base 10) in base 15?
11
1b (base 13) to base 14
1a
What is 10 (base 2) in base 14?
2
What is -34 (base 5) in base 8?
-23
Convert -150 (base 6) to base 14.
-4a
Convert 1010 (base 2) to base 5.
20
What is -12 (base 10) in base 8?
-14
Convert 10001 (base 3) to base 15.
57
Convert -4 (base 14) to base 7.
-4
Convert -27 (base 16) to base 9.
-43
10 (base 5) to base 16
5
-104 (base 11) to base 12
-a5
99 (base 10) to base 5
344
What is 10011 (base 2) in base 12?
17
What is 0 (base 10) in base 12?
0
What is 3d (base 16) in base 5?
221
Convert 0 (base 7) to base 14.
0
0 (base 6) to base 13
0
What is 35 (base 8) in base 10?
29
Convert 1a9 (base 12) to base 15.
133
What is -2 (base 9) in base 7?
-2
36 (base 14) to base 4
300
-57 (base 10) to base 2
-111001
1 (base 8) to base 3
1
-4 (base 16) to base 3
-11
Convert 71 (base 9) to base 11.
59
What is -7 (base 11) in base 3?
-21
6 (base 10) to base 6
10
Convert -2 (base 10) to base 16.
-2
19 (base 16) to base 14
1b
2 (base 10) to base 4
2
What is 2 (base 16) in base 3?
2
What is -39 (base 10) in base 7?
-54
What is -204 (base 10) in base 6?
-540
What is -1022 (base 4) in base 14?
-54
What is 2 (base 15) in base 10?
2
-11 (base 14) to base 13
-12
What is 26 (base 12) in base 10?
30
-174 (base 12) to base 3
-22121
Convert 1 (base 2) to base 3.
1
Convert -122 (base 4) to base 8.
-32
What is -1311 (base 4) in base 6?
-313
-10 (base 12) to base 15
-c
Convert 3 (base 8) to base 2.
11
Convert -3 (base 14) to base 6.
-3
What is -9 (base 14) in base 2?
-1001
3 (base 9) to base 10
3
What is -12 (base 3) in base 2?
-101
What is 67 (base 11) in base 14?
53
Convert -3 (base 7) to base 2.
-11
13 (base 11) to base 12
12
346 (base 7) to base 15
c1
Convert 11000100 (base 2) to base 13.
121
4 (base 13) to base 14
4
Convert 1100 (base 2) to base 10.
12
What is -41 (base 6) in base 4?
-121
-c (base 14) to base 9
-13
Convert 38 (base 13) to base 14.
35
-b (base 13) to base 16
-b
3 (base 7) to base 2
11
What is -4 (base 10) in base 3?
-11
Convert -56 (base 10) to base 11.
-51
What is 3 (base 14) in base 12?
3
Convert 6 (base 13) to base 9.
6
Convert 3 (base 7) to base 9.
3
What is -1 (base 10) in base 7?
-1
What is -11010011 (base 2) in base 8?
-323
What is -126 (base 11) in base 9?
-175
-2 (base 8) to base 9
-2
What is b (base 15) in base 3?
102
Convert 3 (base 6) to base 13.
3
Convert 5 (base 12) to base 15.
5
Convert 36 (base 15) to base 3.
1220
Convert -10 (base 8) to base 12.
-8
Convert 4 (base 12) to base 14.
4
Convert 16b (base 12) to base 7.
443
What is -3 (base 16) in base 2?
-11
Convert 3 (base 8) to base 5.
3
Convert -9 (base 16) to base 3.
-100
Convert 2 (base 11) to base 12.
2
1 (base 14) to base 4
1
-111 (base 2) to base 14
-7
Convert 2022 (base 3) to base 9.
68
-1201 (base 4) to base 2
-1100001
-2 (base 12) to base 15
-2
-3 (base 5) to base 9
-3
What is -a4 (base 12) in base 13?
-97
What is -17 (base 8) in base 6?
-23
Convert 1 (base 6) to base 7.
1
What is 1 (base 5) in base 11?
1
What is 1010 (base 2) in base 11?
a
Convert -66 (base 9) to base 4.
-330
1 (base 6) to base 9
1
Convert 23 (base 4) to base 9.
12
47 (base 14) to base 4
333
What is 11111 (base 2) in base 8?
37
7 (base 16) to base 6
11
33 (base 4) to base 5
30
3 (base 14) to base 2
11
What is -1a (base 11) in base 13?
-18
Convert -9 (base 16) to base 13.
-9
124 (base 5) to base 2
100111
What is 11 (base 3) in base 14?
4
Convert 0 (base 5) to base 11.
0
Convert -2 (base 16) to base 4.
-2
What is 4 (base 9) in base 12?
4
What is 44 (base 14) in base 15?
40
-47 (base 16) to base 7
-131
Convert 22 (base 12) to base 2.
11010
C